 y, -y = -4*h + 6. Suppose -4*d = h*a + 22, -2*d = -a - a + 8. What are the prime factors of i(a)?
3
Let h(w) = 5*w + 12. Let b = 13 + -8. List the prime factors of h(b).
37
Let u(p) = -p**2 + 12*p - 7. Let w be u(10). Let m = -11 - w. Let z = m - -34. What are the prime factors of z?
2, 5
Let d = 10 + -10. Suppose d = -3*i + w + 60, i - w + 2*w - 20 = 0. List the prime factors of i.
2, 5
Suppose 0 = 3*l - l - d - 316, 2*d = -l + 158. What are the prime factors of l?
2, 79
Suppose -k + 20 = -4. Let h = 3 + k. What are the prime factors of h?
3
Let o(v) = -6*v**3 - 5*v**2 - 12*v + 1. Let x(g) = g**3 + g - 1. Let i(k) = o(k) + 5*x(k). Let q be i(-4). What are the prime factors of (-5 - -3)/((-1)/q)?
2
Let r = -154 - -225. List the prime factors of r.
71
Let y(a) = 2*a**2 - 3*a - 4. Suppose -6*n + 2*n = -12. What are the prime factors of y(n)?
5
Let q(o) = o**2 - 2*o + 1. Let j be q(5). Suppose 0 = -2*t + j + 4. What are the prime factors of t?
2, 5
Suppose 15 = 3*i - 0*i. Suppose 5*j - 20 = 0, -7 = -i*r + 2*j - 0*j. List the prime factors of r.
3
Suppose 3*c + 0*c - 5*b - 24 = 0, -2*c + 21 = -5*b. Suppose 7 = j + v, -7 = -c*j + 4*v - 0. Suppose 5 = j*d - 10. List the prime factors of d.
3
Let p(b) = 18*b - 2. List the prime factors of p(1).
2
Let z(r) = 3*r + 4. What are the prime factors of z(8)?
2, 7
Let x = 10 - 15. Suppose -1 = w - 5*z, 4*z + 28 = 4*w - 0*w. What are the prime factors of w + x/(5/2)?
7
Suppose -13*h = -12*h - 43. List the prime factors of h.
43
Let p(q) = -q**2 + 3. Let s be p(0). Suppose s*n = n + 24. Suppose -5*i - 2*z + 2 = 0, 4*z - n = -4*i + 5*z. List the prime factors of i.
2
Let o(u) = u**3 + 6*u**2 - 6*u - 10. Let l = 8 + -15. Let f be o(l). Let d = f - -27. List the prime factors of d.
2, 5
Let w be 1/(-4) + 9/4. Suppose 37 - 139 = -w*v. List the prime factors of v.
3, 17
Let h = 210 + -53. List the prime factors of h.
157
Let h(j) = 6*j - 5. Let n(w) = 7*w - 4. Let p(b) = 4*h(b) - 3*n(b). What are the prime factors of p(6)?
2, 5
Let b = 33 + -47. List the prime factors of (-8)/28 + (-158)/b.
11
Suppose -4*x = 2*z - 5*x - 8, 17 = 3*z - 4*x. Let n(c) = 2*c**3 - 3*c**2 - 3*c. What are the prime factors of n(z)?
2, 3
Let i(d) = 9*d**3 - 3*d**2 + d + 2. Let t be i(2). Let f = -31 + t. Suppose 4*o - 33 = -3*n, 3*n - 2*o + 5*o - f = 0. List the prime factors of n.
11
Let k = 163 - 105. List the prime factors of k.
2, 29
Let y(p) = p**2 + 5*p - 3. What are the prime factors of y(-17)?
3, 67
Let a(k) = -k**3 - 3*k**2 + 4*k. Let d be a(-4). What are the prime factors of 7 + (d + 3)/(-1)?
2
Suppose f + 3*r = 26, 3*f + 206 = 8*f - 4*r. List the prime factors of f.
2, 19
Let o(a) = -5*a - 1. Let r be o(-1). Suppose -5*b + 95 = f, 4*b - f - r*f = 47. List the prime factors of b.
2, 3
Suppose n - 18 = 5*o, -2*o = 5*n - 4*o - 21. What are the prime factors of ((-8)/n + 3)*57?
19
Let x(k) = -k**2 - 8*k - 5. Let j be x(-7). Suppose j*g - 34 = 38. Let m = g - 24. What are the prime factors of m?
2, 3
Suppose -2*x = 2*k - 6*x - 28, 0 = x + 4. Let t(h) = h**3 - 5*h**2 - 2*h - 1. List the prime factors of t(k).
23
Let b(l) = 36*l + 68. List the prime factors of b(5).
2, 31
Let g = -28 - -31. What are the prime factors of g?
3
Let t be 4/(-18) + (-40)/(-18). Suppose 4*c - 3*h + 1 = 11, -t*c = 2*h - 12. Suppose -c*m = -3*r + 23, -5*m - 13 - 27 = -5*r. What are the prime factors of r?
3
Suppose -3*m - 2*m + 360 = 0. Suppose 3*z = -z + m. What are the prime factors of z?
2, 3
Suppose -14*v + 9*v = -265. What are the prime factors of v?
53
Let d = -3 + 3. Suppose -2*b - 5 = -5*s, d = -b + 5*b - 4*s - 20. List the prime factors of b.
2, 5
List the prime factors of (7/(-14))/(2/(-300)).
3, 5
Let k(m) = m**2 - 2*m + 13. What are the prime factors of k(6)?
37
What are the prime factors of 25 + -1 + 0/2?
2, 3
Let w = 7 + 16. Let a = 39 - w. Let s = 22 - a. What are the prime factors of s?
2, 3
Let u = -6 + 4. Let h be u + 3/(-2)*-4. Suppose h*g = 5 + 3. List the prime factors of g.
2
Suppose 5*o = -0*o. Suppose o = 5*v - 44 - 21. Suppose -2*m + v = -9. What are the prime factors of m?
11
Suppose 4*c - i = 283, 5*c = -4*i - 118 + 456. What are the prime factors of c?
2, 5, 7
Let c = -1 - 5. Let y(p) = p**3 + 7*p**2 + 3*p - 8. What are the prime factors of y(c)?
2, 5
Suppose 0 = 4*q + 5*l - 44, 13 = q - 2*l + 2. List the prime factors of q.
11
Let c(f) = 3*f + 9. List the prime factors of c(13).
2, 3
Suppose -6*t - 25 + 85 = 0. Suppose -4*f + 91 = f + r, 55 = 3*f + r. Let y = f - t. List the prime factors of y.
2
Let o(s) be the first derivative of -s**2/2 - 2*s + 1. Let y be o(-5). Suppose -13 = -p - 2*b, -p - 5 = y*b - 20. List the prime factors of p.
3
Let h(r) = -r**3 - 5*r**2 - r**2 + 8*r + 1 + 2*r**2. What are the prime factors of h(-6)?
5
Let z(a) = 6*a + 2. List the prime factors of z(3).
2, 5
Let r = -54 - -78. What are the prime factors of r?
2, 3
Let o(n) = -n**2 + 6*n + 2. Let m be o(7). Let h = 5 - m. List the prime factors of h.
2, 5
Suppose -2*f = 6*f - 504. What are the prime factors of f?
3, 7
Suppose 0 = 2*f - 15 - 33. Let z = -33 - -20. Let x = f + z. List the prime factors of x.
11
Let m(t) be the first derivative of t**3/3 - t**2 - 3*t + 1. Let p be 14/3 + 40/(-60). What are the prime factors of m(p)?
5
Let z = -3 + 10. Suppose d = -z + 26. List the prime factors of d.
19
Let a be (-1)/(-2) - (-12)/24. Let u(s) = -s - 2. Let h be u(-6). Let i = a + h. List the prime factors of i.
5
List the prime factors of (-4)/8 - (-15)/6.
2
Suppose 0 = 4*w - 4 - 4. Suppose -5*t = -2*t + w*v - 90, 2*t - 60 = 5*v. Let c = t - 11. List the prime factors of c.
19
Let w(y) = y**3 - 7*y**2 + 2. What are the prime factors of w(7)?
2
Let w(f) = -f**3 - 3*f**2 + 2*f - 5. Let z be w(-4). Suppose -9 = -z*s + 45. List the prime factors of s.
2, 3
What are the prime factors of 1090/6 + (-20)/30?
181
What are the prime factors of 138*(55/15 - (4 + -1))?
2, 23
Let f(l) = -3 + 9 + l + 0*l. List the prime factors of f(7).
13
Suppose -47 + 210 = r. List the prime factors of r.
163
Let a = 10 + -5. Suppose 0*x = -a*x + 20. List the prime factors of x.
2
Let v be (-6)/(2 + 1)*-9. Let b = v + -7. List the prime factors of b.
11
Let s(j) = 2*j - 3 + j**2 + 4*j + 7 - j. List the prime factors of s(-8).
2, 7
Suppose 3*b = 3*k + 81, -11 = 2*b + 4*k - 71. Suppose 3*x - b = 35. What are the prime factors of x?
3, 7
Let t = -49 - -131. What are the prime factors of t?
2, 41
Suppose -5*c = -4*u - 1139, 0*c - 2*c + 3*u = -457. List the prime factors of c.
227
List the prime factors of (-371 - -1)*14/(-28).
5, 37
Let x(u) = 4*u**2 + u. Let y be x(1). Suppose -4*z = -5*a - 9*z, 0 = -y*a + z + 12. List the prime factors of a.
2
Let o(s) = 16*s**2 - 3*s + 3. List the prime factors of o(2).
61
Suppose 5*n + 213 = r, 3*r - 606 = 4*n - 22. List the prime factors of r.
2, 47
Let g = 355 + -183. List the prime factors of g.
2, 43
Suppose 4*b = -b - 5*n + 20, 0 = -4*b + 4*n. Let f = b - -10. List the prime factors of f.
2, 3
List the prime factors of 4/(-18) + 25720/72.
3, 7, 17
Let g be 1 - 2 - 2/(-1). What are the prime factors of (g - (-7)/(-4))*-4?
3
Let j be 6/15 - 234/(-15). Suppose 0 = 5*i - i - j. List the prime factors of i.
2
Let x(z) = 11*z + 2. List the prime factors of x(6).
2, 17
Suppose 9 = -s + 173. Suppose 6*l - 2*l - s = 0. List the prime factors of l.
41
Suppose 0 = 2*f - 6*f + 124. Suppose -4*l - 17 = -5*l. Suppose v = -s - 0*s + l, v + f = 3*s. List the prime factors of s.
2, 3
Let y = -36 - -26. What are the prime factors of 4 + 5/(y/(-24))?
2
Let s(k) = k**3 - 3*k**2 - k - 5. Let o(l) = -l**3 + 2*l**2 + l + 5. Let r(q) = -4*o(q) - 5*s(q). What are the prime factors of r(7)?
2, 3
Let f be ((-6)/(-9))/((-10)/(-75)). Suppose 5*y = 3*m - 82, f*y - 20 = -0*y. List the prime factors of m.
2, 17
Let a = 9 + -3. Let x(q) = q**2 - 6*q + 4. Let v be x(a). Suppose s - v*d = -8, 0 = -5*d - 13 + 33. What are the prime factors of s?
2
Suppose -46 = -6*g + 8*g. Let h = -13 - g. List the prime factors of h.
2, 5
Let w(a) be the second derivative of -a**4/12 + 2*a**3/3 - a. Let j be w(3). Suppose j*r = -2*r + 4*p + 42, -3*r + 38 = 4*p. List the prime factors of r.
2, 5
What are the prime factors of (-259)/(-4) + 6/24?
5, 13
Let d be 1*(0/3)/(-2). Suppose 0 = -o - d*o + 